is the remainder when 3 + 0 - (-57)/3 is divided by n(i)?
10
Let d = 11 - -14. What is the remainder when 97 is divided by d?
22
Suppose -76 = 5*o - 9*o. Let c = 1 + 0. What is the remainder when 31 is divided by c*o + (-1 - 2)?
15
Calculate the remainder when 221 is divided by 1 + ((-44)/16 - -3)*124.
29
Let p(c) = c + 24. What is the remainder when 89 is divided by p(6)?
29
Suppose 336 = -5*t - 4*o + 849, 2*t - 3*o - 219 = 0. Let m(x) = -64*x**2. Let n be m(-1). Let l = t + n. What is the remainder when l is divided by 14?
13
Suppose -3*m = 3 - 93. Calculate the remainder when m is divided by 16.
14
Let c(r) = 2*r + 2. Let w be c(-2). Let z = 1 + w. What is the remainder when z/(((-9)/69)/3) is divided by 12?
11
Let f(c) = c**2 + 2*c - 2. Let x be (0 - 1)/((-1)/2). Calculate the remainder when 10 is divided by f(x).
4
Let x = 38 - 36. Calculate the remainder when 9 is divided by x.
1
Suppose -4*v = -46 - 50. Suppose v = s + s. Calculate the remainder when 35 is divided by s.
11
Let y(n) = 8*n - 5. Let c be y(-4). Let i = 3 - c. Suppose -4*v + 61 = -f, v - 2 - 17 = f. What is the remainder when i is divided by v?
12
Suppose 0 = -5*l + 4*b + 28, 0 = -5*l - 2*b + 8 + 8. Suppose -l*k = -9*k + 255. What is the remainder when k is divided by 13?
12
Let n(u) = u**2 + 5*u - 4. Let p be n(-8). Suppose -4*s = -2*l + p, 3*l - 38 = -2*s - 8. Calculate the remainder when l is divided by 6.
4
Suppose 3*l = 2*g - 43, -4*g = g + 5*l - 120. Suppose -23 = -4*k - 3*z, 2*z + 20 = k - 2*z. Calculate the remainder when g is divided by k.
7
Suppose n - 6*n = -40. Suppose 4*p - 19 + 7 = 0. What is the remainder when n is divided by p?
2
Suppose -4*o + 27 = -o + 3*v, 21 = 5*o - v. Suppose 2*s - s + 4*q - 13 = 0, -o*q = -10. Suppose 0 = s*x - 5. Calculate the remainder when 2 is divided by x.
0
Suppose 12 + 48 = 4*w. What is the remainder when (-346)/(-8) + (-3)/(-4) is divided by w?
14
Let q = 108 + -48. What is the remainder when q is divided by 31?
29
What is the remainder when 5 is divided by 3/(-3 - (-2 + -2))?
2
What is the remainder when 17 is divided by 6*((-5)/(-2) + -1)?
8
Suppose -487 = -19*o + 159. Suppose 3*u + 22 = f, 8 = -5*u - 17. Calculate the remainder when o is divided by f.
6
Let r be 25*(-2 + (-24)/(-15)). Let q(d) = -d**3 - 11*d**2 - 10*d + 12. Let z be q(r). Calculate the remainder when 11 is divided by z/((-3)/(6/(-4))).
5
Let m = 7 - -20. What is the remainder when m is divided by 7?
6
Let o = -3 - -20. Suppose -9 = -4*k + k. Suppose 2*t + g - 61 = 0, t + 23 = 2*t + k*g. Calculate the remainder when t is divided by o.
15
Let i be -9 + (3 - 1)/(-2). Suppose 0 = 2*t - 73 + 15. Calculate the remainder when t is divided by (i + (-1 - -1))/(-1).
9
Let n(c) = -c**3 + 8*c**2 + 8*c - 10. Let l be n(8). Suppose -61 = -5*s + l. What is the remainder when 67 is divided by s?
21
Suppose 0 = i - 0*i - 13. Let j = i + -7. Suppose 2*n - j = 5*t, 4*t + t + 3 = n. What is the remainder when 8 is divided by n?
2
Suppose h = 4*h - 234. Calculate the remainder when h is divided by -3*7/(-42)*10*4.
18
Suppose -4*a = -7*a + 357. Let l = 204 - a. Suppose l = -k + 6*k. Calculate the remainder when 33 is divided by k.
16
Let n = 6 - 0. Suppose -5*b + 47 = y, -b + 25 = -5*y - 0*y. Calculate the remainder when n/(1/3 + 0) is divided by b.
8
Let v be -2 - 2/(-1) - -1. Let y = 16 - v. Suppose 0 = -f - 4*f + y. What is the remainder when 7 is divided by f?
1
Let p be (-8)/16 - (-10)/4. Let n(z) = z**3 + z**2 - z - 1. Calculate the remainder when 26 is divided by n(p).
8
Let f(x) = -x**3 - 2*x**2 - x - 8. Calculate the remainder when f(-5) is divided by 37.
35
Let m = -14 + 19. Let k(d) = -d + 12. Calculate the remainder when -2 + (m - (-6)/2) is divided by k(8).
2
Let t = 2 + 9. Let a(y) be the second derivative of y**4/6 + 11*y**3/6 - 4*y**2 - 5*y. What is the remainder when a(-8) is divided by t?
10
Suppose -4*v + 14 = -22. What is the remainder when (-526)/(-8) - v/(-36) is divided by 17?
15
Let k = 49 + -17. Let u(f) = -f + 3. Calculate the remainder when k is divided by u(-8).
10
Suppose 4*z - 5*d - 90 = -7*d, -2*z + 54 = -2*d. Suppose -v = 2*v - z. Let h(t) = 2*t - 1. Calculate the remainder when v is divided by h(2).
2
What is the remainder when 35 is divided by 33/2 - (-18)/12?
17
Suppose 0 = 4*b - 2*d - 84, -6*d + 35 = b - 3*d. Let c(i) = i**3 - 5*i**2 - 5*i + 7. Calculate the remainder when b is divided by c(6).
10
Suppose 2*u = 3 + 11. Suppose 0*w + 2*w = 8. Calculate the remainder when u is divided by w.
3
Let u = 26 - -2. What is the remainder when u is divided by 5?
3
What is the remainder when 64 is divided by 33*1*(-28)/(-42)?
20
Suppose -3*w + 10 = -44. Calculate the remainder when w is divided by 11.
7
Let v be (-1 - (-15)/3)*1. Suppose -2 - v = -2*h. What is the remainder when 10 is divided by h?
1
Suppose -32*c + 35*c = 72. Calculate the remainder when 47 is divided by c.
23
Suppose -657 + 2627 = 10*o. Calculate the remainder when o is divided by 33.
32
Let r = 31 - 3. Let j = 6 + -2. Calculate the remainder when r is divided by (30/j)/((-4)/(-8)).
13
Suppose -4*m + 3*d + 21 - 2 = 0, d + 25 = 4*m. Suppose -3*c - 3*x = -6*x - 9, 3*c - 5*x = 3. Suppose 6 = 3*l - c. What is the remainder when m is divided by l?
3
Suppose -3*h = -4*h - 6. Let y(w) = -3*w + 4. Let g(v) = v**2 + v. What is the remainder when y(h) is divided by g(3)?
10
Let p(b) = -b**2 + 8*b + 0*b + 2*b**2 - 7. Suppose 2*v - 2 = 2. What is the remainder when v is divided by p(-9)?
0
Let v(k) = k**2 - 2*k + 2. Let g be v(2). Suppose 17*l = 13*l + 52. Suppose -5*p - l = -4*q, -g*q = p - 4*p - 7. What is the remainder when q is divided by 1?
0
Suppose -2*z - 2*f = z - 19, 5*f - 28 = -z. Let b be z*(1 + 15/9). Let h(m) = -m**2 + 10*m - 6. Calculate the remainder when 19 is divided by h(b).
9
Let c(r) = r**2 + 4*r - 1. Let g(h) = h**2 - 6*h + 6. What is the remainder when c(-6) is divided by g(6)?
5
Suppose 5*y + 5*b = 235, -4*b = 2*y - 0*b - 94. Calculate the remainder when y is divided by 24.
23
Suppose -k - 4*k - 80 = 0. Let a be k*((-9)/6 + 2). What is the remainder when 1 is divided by (a/(-2) - 2) + -1?
0
Let u = -3 + 18. Suppose -2*l - 3*k + u = 0, 0 = -4*l + 5*k + 27 - 8. What is the remainder when 22 is divided by l?
4
Let u = 12 + -7. Calculate the remainder when u is divided by 12/10*(-30)/(-18).
1
Let h = -10 + 24. Let c = 34 + 5. What is the remainder when c is divided by h?
11
Calculate the remainder when 8 is divided by (-4 + 1)*1 + 8.
3
Let w(r) = r**3 - 2*r**2 + 5*r - 6. Let f(y) = -y**3 + 8*y**2 - 13*y + 18. Calculate the remainder when w(4) is divided by f(6).
10
Suppose -2 - 2 = -4*m, -4*m + 17 = h. Let y = h + -7. Let w = 16 + 0. What is the remainder when w is divided by y?
4
Let k = -5 + 12. Suppose 1 = -3*b + 7. What is the remainder when k is divided by b?
1
Suppose -4*y = -n - 7*y - 12, 5*y = 3*n - 34. Suppose -10 = -2*w, 0 = -n*x - w + 4 + 16. Calculate the remainder when 18 is divided by x.
3
Let a be 868/20 + (-3)/(-5). Suppose -3*k = -7*k + a. Calculate the remainder when k is divided by 7.
4
Suppose -5*k + 9 = -2*k. Suppose k*h - 2*h = 42. What is the remainder when h is divided by 11?
9
Let d = 34 - -25. What is the remainder when d is divided by ((-18)/15)/((-3)/(-100)*-2)?
19
Let y = 3 - -4. Let b(f) = -3*f**2 - f. Let a be b(1). Let m = 7 + a. What is the remainder when y is divided by m?
1
Suppose 3*q = 19*q - 112. What is the remainder when 110 is divided by q?
5
Let o(g) = -2*g - 5. Suppose 11*x - 14*x + 27 = 0. What is the remainder when o(-11) is divided by x?
8
Let u(m) = m**3 - 4*m**2 + 8*m - 6. Calculate the remainder when u(4) is divided by 5.
1
Suppose -3*t = -3 - 3. Suppose -k = i - 6*k - 44, -67 = -3*i + t*k. Calculate the remainder when 222/4 + (-2)/(-4) is divided by i.
18
Suppose 18*u = 17*u + 35. Calculate the remainder when 138 is divided by u.
33
Let n(k) = -k**3 - 12*k**2 + 15*k + 17. Let v be n(-13). Let h = v + 12. What is the remainder when 5 is divided by h?
2
Let j = 2 - -6. What is the remainder when 38 is divided by j?
6
Suppose 25*o - 26*o + 24 = 0. Let i = -6 + 19. What is the remainder when o is divided by i?
11
Let z be 3/9 + 1/(-3). Let u be 450/55 - (-2)/(-11). Suppose z = -5*v + v + u. What is the remainder when 5 is divided